{"version":"1.0","type":"rich","width":"560px","height":"140px","title":"The Voice of Converting | &#8222;Converting meets Packaging&#8220; - Vom 23. bis 25. September 2025 trifft sich die Verpackungsbranche wieder im Messezentrum N\u00fcrnberg auf der FACHPACK, Europ\u00e4ische Fachmesse f\u00fcr Verpackung, Technik und Prozesse. Erwartet werden rund 1.400 Aussteller, verteilt auf 11 Messehallen. Fachbesucher d\u00fcrfen sich auf eine F\u00fclle an Produkten und Services rund um die Verpackung sowie ein hochkar\u00e4tiges Rahmenprogramm freuen.","url":"https:\/\/m2n-converting.com\/de\/podcast\/the-voice-of-converting-converting-meets-packaging\/","author_name":"The Voice of Converting & Flextronics - Meinung, Pers\u00f6nlichkeit, Debatte","author_url":"https:\/\/m2n-converting.com","thumbnail_url":"https:\/\/m2n-converting.com\/wp-content\/uploads\/podcasts\/podcast_info_3000x3000-scaled.jpg","html":"<iframe width=\"560px\" height=\"140px\" src=\"https:\/\/m2n-converting.com\/de\/podcast\/the-voice-of-converting-converting-meets-packaging\/?standalonePlayer\"><\/iframe>"}

The Voice of Converting | &#8222;Converting meets Packaging&#8220; - Vom 23. bis 25. September 2025 trifft sich die Verpackungsbranche wieder im Messezentrum Nürnberg auf der FACHPACK, Europäische Fachmesse für Verpackung, Technik und Prozesse. Erwartet werden rund 1.400 Aussteller, verteilt auf 11 Messehallen. Fachbesucher dürfen sich auf eine Fülle an Produkten und Services rund um die Verpackung sowie ein hochkarätiges Rahmenprogramm freuen.

The Voice of Converting & Flextronics - Meinung, Persönlichkeit, Debatte
